{"id":36352,"date":"2025-01-01T14:03:46","date_gmt":"2025-01-01T11:03:46","guid":{"rendered":"http:\/\/www.sweden4.com\/?page_id=36352"},"modified":"2025-01-12T14:38:32","modified_gmt":"2025-01-12T11:38:32","slug":"%d8%b3%d9%8a%d8%a7%d8%b3%d8%a9-%d8%a7%d9%84%d8%ae%d8%b5%d9%88%d8%b5%d9%8a%d8%a9","status":"publish","type":"page","link":"https:\/\/sweden4.com\/?page_id=36352","title":{"rendered":"\u0633\u064a\u0627\u0633\u0629 \u0627\u0644\u062e\u0635\u0648\u0635\u064a\u0629 Privacy Policy"},"content":{"rendered":"<p style=\"text-align: left;\" data-pm-slice=\"1 1 []\"><strong>Integritetspolicy<\/strong><\/p>\n<p style=\"text-align: left;\">&#8220;Sweden4&#8221; respekterar din integritet och \u00e4r engagerad i att skydda de uppgifter du delar med oss via v\u00e5r webbplats <a href=\"https:\/\/sweden4.com\">sweden4.com<\/a> . Denna policy beskriver hur vi samlar in, anv\u00e4nder och skyddar din information i \u00f6verensst\u00e4mmelse med Googles policyer.<\/p>\n<div style=\"text-align: left;\">\n<hr \/>\n<\/div>\n<h3 style=\"text-align: left;\"><strong>Informationsinsamling<\/strong><\/h3>\n<h4 style=\"text-align: left;\"><strong>1. Personligt identifierbar information<\/strong><\/h4>\n<p style=\"text-align: left;\">Vi samlar endast in personligt identifierbar information n\u00e4r anv\u00e4ndare frivilligt tillhandah\u00e5ller den, s\u00e5som:<\/p>\n<ul style=\"text-align: left;\" data-spread=\"false\">\n<li>E-postadresser vid registrering eller n\u00e4r fr\u00e5gor skickas in.<\/li>\n<li>Information som kr\u00e4vs f\u00f6r att delta i aktiviteter eller tj\u00e4nster som erbjuds via webbplatsen.<\/li>\n<\/ul>\n<p style=\"text-align: left;\">Du kan alltid bl\u00e4ddra p\u00e5 webbplatsen utan att tillhandah\u00e5lla n\u00e5gon personlig information. Att v\u00e4lja att inte tillhandah\u00e5lla viss information kan dock begr\u00e4nsa din m\u00f6jlighet att anv\u00e4nda specifika funktioner.<\/p>\n<h4 style=\"text-align: left;\"><strong>2. Icke-personligt identifierbar information<\/strong><\/h4>\n<p style=\"text-align: left;\">Vi kan samla in icke-personligt identifierbar information automatiskt n\u00e4r anv\u00e4ndare interagerar med v\u00e5r webbplats, s\u00e5som:<\/p>\n<ul style=\"text-align: left;\" data-spread=\"false\">\n<li>Webbl\u00e4sarens typ.<\/li>\n<li>Enhetstyp.<\/li>\n<li>Operativsystem.<\/li>\n<li>Internetleverant\u00f6r.<\/li>\n<li>Andra tekniska detaljer relaterade till din \u00e5tkomst till webbplatsen.<\/li>\n<\/ul>\n<div style=\"text-align: left;\">\n<hr \/>\n<\/div>\n<h3 style=\"text-align: left;\"><strong>Cookies<\/strong><\/h3>\n<p style=\"text-align: left;\">V\u00e5r webbplats anv\u00e4nder cookies f\u00f6r att f\u00f6rb\u00e4ttra anv\u00e4ndarupplevelsen. Cookies anv\u00e4nds f\u00f6r att:<\/p>\n<ul style=\"text-align: left;\" data-spread=\"false\">\n<li>Anpassa webbplatsens inneh\u00e5ll baserat p\u00e5 dina preferenser.<\/li>\n<li>Analysera anv\u00e4ndningsm\u00f6nster och f\u00f6rb\u00e4ttra v\u00e5ra tj\u00e4nster.<\/li>\n<\/ul>\n<p style=\"text-align: left;\">Du kan konfigurera din webbl\u00e4sares inst\u00e4llningar f\u00f6r att avvisa cookies. Observera dock att vissa funktioner p\u00e5 webbplatsen kanske inte fungerar korrekt om cookies \u00e4r inaktiverade.<\/p>\n<div style=\"text-align: left;\">\n<hr \/>\n<\/div>\n<h3 style=\"text-align: left;\"><strong>Anv\u00e4ndning av insamlad data<\/strong><\/h3>\n<p style=\"text-align: left;\">Vi anv\u00e4nder den insamlade informationen f\u00f6r f\u00f6ljande syften:<\/p>\n<ul style=\"text-align: left;\" data-spread=\"false\">\n<li><strong>Drift av webbplatsen:<\/strong> F\u00f6r att s\u00e4kerst\u00e4lla korrekt visning och funktionalitet av inneh\u00e5ll.<\/li>\n<li><strong>F\u00f6rb\u00e4ttra tj\u00e4nster:<\/strong> F\u00f6r att analysera feedback och f\u00f6rslag samt utveckla v\u00e5ra produkter.<\/li>\n<li><strong>Kommunikation:<\/strong> F\u00f6r att skicka meddelanden eller svara p\u00e5 dina fr\u00e5gor.<\/li>\n<\/ul>\n<div style=\"text-align: left;\">\n<hr \/>\n<\/div>\n<h3 style=\"text-align: left;\"><strong>Datas\u00e4kerhet<\/strong><\/h3>\n<p style=\"text-align: left;\">Vi implementerar avancerade s\u00e4kerhets\u00e5tg\u00e4rder, inklusive:<\/p>\n<ul style=\"text-align: left;\" data-spread=\"false\">\n<li>Datakryptering under \u00f6verf\u00f6ring.<\/li>\n<li>Strikta \u00e5tkomstkontroller.<\/li>\n<li>\u00d6vervakning av webbplatsens aktivitet f\u00f6r att s\u00e4kerst\u00e4lla skydd.<\/li>\n<\/ul>\n<div style=\"text-align: left;\">\n<hr \/>\n<\/div>\n<h3 style=\"text-align: left;\"><strong>Delning av data<\/strong><\/h3>\n<p style=\"text-align: left;\">Vi s\u00e4ljer eller delar inte din personliga information med tredje part, f\u00f6rutom i f\u00f6ljande fall:<\/p>\n<ul style=\"text-align: left;\" data-spread=\"false\">\n<li>Efterlevnad av lagar och f\u00f6rordningar.<\/li>\n<li>Skydd av webbplatsens r\u00e4ttigheter eller s\u00e4kerhet.<\/li>\n<\/ul>\n<p style=\"text-align: left;\">Vi kan dela aggregerad, icke-personlig data med v\u00e5ra partners f\u00f6r aktivitetsanalys och f\u00f6rb\u00e4ttring av tj\u00e4nster.<\/p>\n<div style=\"text-align: left;\">\n<hr \/>\n<\/div>\n<h3 style=\"text-align: left;\"><strong>L\u00e4nkar till tredje part<\/strong><\/h3>\n<p style=\"text-align: left;\">V\u00e5r webbplats kan inneh\u00e5lla l\u00e4nkar till andra webbplatser eller tj\u00e4nster. Vi ansvarar inte f\u00f6r integritetspraxis p\u00e5 dessa webbplatser och rekommenderar att du granskar deras policyer n\u00e4r du bes\u00f6ker dem.<\/p>\n<div style=\"text-align: left;\">\n<hr \/>\n<\/div>\n<h3 style=\"text-align: left;\"><strong>Annonser<\/strong><\/h3>\n<h4 style=\"text-align: left;\"><strong>1. Annonspartners<\/strong><\/h4>\n<p style=\"text-align: left;\">V\u00e5ra annonspartners kan anv\u00e4nda cookies f\u00f6r att leverera personanpassade annonser baserat p\u00e5 din aktivitet p\u00e5 webbplatsen. Vi kontrollerar inte anv\u00e4ndningen av denna data av annons\u00f6rer.<\/p>\n<h4 style=\"text-align: left;\"><strong>2. Google AdSense<\/strong><\/h4>\n<p style=\"text-align: left;\">V\u00e5r webbplats anv\u00e4nder Google AdSense f\u00f6r att visa personanpassade annonser. Google anv\u00e4nder cookies (t.ex. DART) f\u00f6r att analysera anv\u00e4ndarpreferenser. Du kan inaktivera DART-cookies genom att bes\u00f6ka Googles integritetspolicy f\u00f6r annonser: <a href=\"https:\/\/www.google.com\/privacy_ads.html\">https:\/\/www.google.com\/privacy_ads.html<\/a><\/p>\n<div style=\"text-align: left;\">\n<hr \/>\n<\/div>\n<h3 style=\"text-align: left;\"><strong>Uppdateringar av policyn<\/strong><\/h3>\n<p style=\"text-align: left;\">Vi f\u00f6rbeh\u00e5ller oss r\u00e4tten att uppdatera denna policy vid behov. \u00c4ndringar kommer att publiceras p\u00e5 denna sida, och du kommer att meddelas om betydande \u00e4ndringar via e-post.<\/p>\n<div style=\"text-align: left;\">\n<hr \/>\n<\/div>\n<h3 style=\"text-align: left;\"><strong>Kontakta oss<\/strong><\/h3>\n<p style=\"text-align: left;\">F\u00f6r fr\u00e5gor relaterade till denna integritetspolicy, v\u00e4nligen kontakta oss via sociala medier:<\/p>\n<ul style=\"text-align: left;\" data-spread=\"false\">\n<li><strong>Facebook:<\/strong> <a href=\"https:\/\/www.facebook.com\/sweden4.ccom\">https:\/\/www.facebook.com\/sweden4.ccom<\/a><\/li>\n<li><strong>Instagram:<\/strong> <a href=\"https:\/\/www.instagram.com\/sweden4com\/\">https:\/\/www.instagram.com\/sweden4com\/<\/a><\/li>\n<\/ul>\n<p style=\"text-align: right;\" data-pm-slice=\"1 1 []\"><strong>\u0633\u064a\u0627\u0633\u0629 \u0627\u0644\u062e\u0635\u0648\u0635\u064a\u0629<\/strong><\/p>\n<p style=\"text-align: right;\">\u062a\u062d\u062a\u0631\u0645 &#8220;\u0633\u0648\u064a\u062f \u0641\u064a\u0631\u0627&#8221; \u062e\u0635\u0648\u0635\u064a\u062a\u0643 \u0648\u062a\u0644\u062a\u0632\u0645 \u0628\u062d\u0645\u0627\u064a\u0629 \u0627\u0644\u0628\u064a\u0627\u0646\u0627\u062a \u0627\u0644\u062a\u064a \u062a\u0634\u0627\u0631\u0643\u0647\u0627 \u0645\u0639\u0646\u0627 \u0639\u0628\u0631 \u0645\u0648\u0642\u0639\u0646\u0627 \u0627\u0644\u0625\u0644\u0643\u062a\u0631\u0648\u0646\u064a <a href=\"https:\/\/sweden4.com\">sweden4.com<\/a>\u00a0\u062a\u0648\u0636\u062d \u0647\u0630\u0647 \u0627\u0644\u0633\u064a\u0627\u0633\u0629 \u0643\u064a\u0641\u064a\u0629 \u062c\u0645\u0639 \u0648\u0627\u0633\u062a\u062e\u062f\u0627\u0645 \u0648\u062d\u0645\u0627\u064a\u0629 \u0645\u0639\u0644\u0648\u0645\u0627\u062a\u0643 \u0648\u0641\u0642\u064b\u0627 \u0644\u0645\u062a\u0637\u0644\u0628\u0627\u062a \u0633\u064a\u0627\u0633\u0627\u062a Google.<\/p>\n<div style=\"text-align: right;\">\n<hr \/>\n<\/div>\n<h3 style=\"text-align: right;\"><strong>\u062c\u0645\u0639 \u0627\u0644\u0645\u0639\u0644\u0648\u0645\u0627\u062a<\/strong><\/h3>\n<h4 style=\"text-align: right;\"><strong>1. \u0645\u0639\u0644\u0648\u0645\u0627\u062a \u0627\u0644\u062a\u0639\u0631\u064a\u0641 \u0627\u0644\u0634\u062e\u0635\u064a\u0629<\/strong><\/h4>\n<p style=\"text-align: right;\">\u0646\u062c\u0645\u0639 \u0645\u0639\u0644\u0648\u0645\u0627\u062a \u0627\u0644\u062a\u0639\u0631\u064a\u0641 \u0627\u0644\u0634\u062e\u0635\u064a\u0629 \u0641\u0642\u0637 \u0639\u0646\u062f\u0645\u0627 \u064a\u0642\u062f\u0645\u0647\u0627 \u0627\u0644\u0645\u0633\u062a\u062e\u062f\u0645\u0648\u0646 \u0637\u0648\u0627\u0639\u064a\u0629\u060c \u0645\u062b\u0644:<\/p>\n<ul style=\"text-align: right;\" data-spread=\"false\">\n<li>\u0627\u0644\u0628\u0631\u064a\u062f \u0627\u0644\u0625\u0644\u0643\u062a\u0631\u0648\u0646\u064a \u0639\u0646\u062f \u0627\u0644\u062a\u0633\u062c\u064a\u0644 \u0623\u0648 \u0639\u0646\u062f \u0625\u0631\u0633\u0627\u0644 \u0627\u0633\u062a\u0641\u0633\u0627\u0631\u0627\u062a.<\/li>\n<li>\u0627\u0644\u0645\u0639\u0644\u0648\u0645\u0627\u062a \u0627\u0644\u0645\u0637\u0644\u0648\u0628\u0629 \u0644\u0644\u0645\u0634\u0627\u0631\u0643\u0629 \u0641\u064a \u0627\u0644\u0623\u0646\u0634\u0637\u0629 \u0623\u0648 \u0627\u0644\u062e\u062f\u0645\u0627\u062a \u0627\u0644\u0645\u0642\u062f\u0645\u0629 \u0639\u0628\u0631 \u0627\u0644\u0645\u0648\u0642\u0639.<\/li>\n<\/ul>\n<p style=\"text-align: right;\">\u064a\u0645\u0643\u0646\u0643 \u062f\u0627\u0626\u0645\u064b\u0627 \u062a\u0635\u0641\u062d \u0627\u0644\u0645\u0648\u0642\u0639 \u0628\u062f\u0648\u0646 \u062a\u0642\u062f\u064a\u0645 \u0623\u064a \u0645\u0639\u0644\u0648\u0645\u0627\u062a \u0634\u062e\u0635\u064a\u0629. \u0648\u0645\u0639 \u0630\u0644\u0643\u060c \u0642\u062f \u064a\u0624\u062f\u064a \u0627\u0644\u0627\u0645\u062a\u0646\u0627\u0639 \u0639\u0646 \u062a\u0642\u062f\u064a\u0645 \u0628\u0639\u0636 \u0627\u0644\u0628\u064a\u0627\u0646\u0627\u062a \u0625\u0644\u0649 \u062a\u0642\u064a\u064a\u062f \u0627\u0633\u062a\u062e\u062f\u0627\u0645 \u0628\u0639\u0636 \u0627\u0644\u0645\u064a\u0632\u0627\u062a.<\/p>\n<h4 style=\"text-align: right;\"><strong>2. \u0645\u0639\u0644\u0648\u0645\u0627\u062a \u0627\u0644\u062a\u0639\u0631\u064a\u0641 \u063a\u064a\u0631 \u0627\u0644\u0634\u062e\u0635\u064a\u0629<\/strong><\/h4>\n<p style=\"text-align: right;\">\u0642\u062f \u064a\u062a\u0645 \u062c\u0645\u0639 \u0628\u064a\u0627\u0646\u0627\u062a \u062a\u0639\u0631\u064a\u0641 \u063a\u064a\u0631 \u0634\u062e\u0635\u064a\u0629 \u062a\u0644\u0642\u0627\u0626\u064a\u064b\u0627 \u0639\u0646\u062f \u0627\u0644\u062a\u0641\u0627\u0639\u0644 \u0645\u0639 \u0645\u0648\u0642\u0639\u0646\u0627\u060c \u0645\u062b\u0644:<\/p>\n<ul style=\"text-align: right;\" data-spread=\"false\">\n<li>\u0646\u0648\u0639 \u0627\u0644\u0645\u062a\u0635\u0641\u062d.<\/li>\n<li>\u0627\u0644\u062c\u0647\u0627\u0632 \u0627\u0644\u0645\u0633\u062a\u062e\u062f\u0645.<\/li>\n<li>\u0646\u0638\u0627\u0645 \u0627\u0644\u062a\u0634\u063a\u064a\u0644.<\/li>\n<li>\u0645\u0632\u0648\u062f \u062e\u062f\u0645\u0629 \u0627\u0644\u0625\u0646\u062a\u0631\u0646\u062a.<\/li>\n<li>\u0628\u064a\u0627\u0646\u0627\u062a \u0623\u062e\u0631\u0649 \u062a\u0642\u0646\u064a\u0629 \u062a\u062a\u0639\u0644\u0642 \u0628\u0637\u0631\u064a\u0642\u0629 \u0648\u0635\u0648\u0644\u0643 \u0625\u0644\u0649 \u0627\u0644\u0645\u0648\u0642\u0639.<\/li>\n<\/ul>\n<div style=\"text-align: right;\">\n<hr \/>\n<\/div>\n<h3 style=\"text-align: right;\"><strong>\u0645\u0644\u0641\u0627\u062a \u062a\u0639\u0631\u064a\u0641 \u0627\u0644\u0627\u0631\u062a\u0628\u0627\u0637 (Cookies)<\/strong><\/h3>\n<p style=\"text-align: right;\">\u064a\u0633\u062a\u062e\u062f\u0645 \u0645\u0648\u0642\u0639\u0646\u0627 \u0645\u0644\u0641\u0627\u062a \u062a\u0639\u0631\u064a\u0641 \u0627\u0644\u0627\u0631\u062a\u0628\u0627\u0637 \u0644\u062a\u062d\u0633\u064a\u0646 \u062a\u062c\u0631\u0628\u0629 \u0627\u0644\u0645\u0633\u062a\u062e\u062f\u0645. \u062a\u064f\u0633\u062a\u062e\u062f\u0645 \u0647\u0630\u0647 \u0627\u0644\u0645\u0644\u0641\u0627\u062a:<\/p>\n<ul style=\"text-align: right;\" data-spread=\"false\">\n<li>\u0644\u062a\u062e\u0635\u064a\u0635 \u0645\u062d\u062a\u0648\u0649 \u0627\u0644\u0645\u0648\u0642\u0639 \u0628\u0646\u0627\u0621\u064b \u0639\u0644\u0649 \u062a\u0641\u0636\u064a\u0644\u0627\u062a\u0643.<\/li>\n<li>\u0644\u062a\u062d\u0644\u064a\u0644 \u0623\u0646\u0645\u0627\u0637 \u0627\u0644\u0627\u0633\u062a\u062e\u062f\u0627\u0645 \u0648\u062a\u062d\u0633\u064a\u0646 \u062e\u062f\u0645\u0627\u062a\u0646\u0627.<\/li>\n<\/ul>\n<p style=\"text-align: right;\">\u064a\u0645\u0643\u0646\u0643 \u0636\u0628\u0637 \u0625\u0639\u062f\u0627\u062f\u0627\u062a \u0627\u0644\u0645\u062a\u0635\u0641\u062d \u0644\u0631\u0641\u0636 \u0645\u0644\u0641\u0627\u062a \u062a\u0639\u0631\u064a\u0641 \u0627\u0644\u0627\u0631\u062a\u0628\u0627\u0637. \u0648\u0644\u0643\u0646\u060c \u064a\u0631\u062c\u0649 \u0645\u0644\u0627\u062d\u0638\u0629 \u0623\u0646 \u0628\u0639\u0636 \u0645\u064a\u0632\u0627\u062a \u0627\u0644\u0645\u0648\u0642\u0639 \u0642\u062f \u0644\u0627 \u062a\u0639\u0645\u0644 \u0628\u0627\u0644\u0634\u0643\u0644 \u0627\u0644\u0645\u0637\u0644\u0648\u0628 \u0639\u0646\u062f \u062a\u0639\u0637\u064a\u0644\u0647\u0627.<\/p>\n<div style=\"text-align: right;\">\n<hr \/>\n<\/div>\n<h3 style=\"text-align: right;\"><strong>\u0627\u0633\u062a\u062e\u062f\u0627\u0645 \u0627\u0644\u0628\u064a\u0627\u0646\u0627\u062a<\/strong><\/h3>\n<p style=\"text-align: right;\">\u0646\u0633\u062a\u062e\u062f\u0645 \u0627\u0644\u0645\u0639\u0644\u0648\u0645\u0627\u062a \u0627\u0644\u062a\u064a \u0646\u062c\u0645\u0639\u0647\u0627 \u0644\u0644\u0623\u063a\u0631\u0627\u0636 \u0627\u0644\u062a\u0627\u0644\u064a\u0629:<\/p>\n<ul style=\"text-align: right;\" data-spread=\"false\">\n<li><strong>\u062a\u0634\u063a\u064a\u0644 \u0627\u0644\u0645\u0648\u0642\u0639:<\/strong> \u0644\u0636\u0645\u0627\u0646 \u0639\u0631\u0636 \u0627\u0644\u0645\u062d\u062a\u0648\u0649 \u0628\u0634\u0643\u0644 \u0635\u062d\u064a\u062d \u0648\u062a\u062d\u0633\u064a\u0646 \u0627\u0644\u0623\u062f\u0627\u0621.<\/li>\n<li><strong>\u062a\u062d\u0633\u064a\u0646 \u0627\u0644\u062e\u062f\u0645\u0627\u062a:<\/strong> \u0644\u062a\u062d\u0644\u064a\u0644 \u0627\u0644\u062a\u0639\u0644\u064a\u0642\u0627\u062a \u0648\u0627\u0644\u0627\u0642\u062a\u0631\u0627\u062d\u0627\u062a \u0648\u062a\u0637\u0648\u064a\u0631 \u0627\u0644\u0645\u0646\u062a\u062c\u0627\u062a.<\/li>\n<li><strong>\u0627\u0644\u062a\u0648\u0627\u0635\u0644:<\/strong> \u0644\u0625\u0631\u0633\u0627\u0644 \u0625\u0634\u0639\u0627\u0631\u0627\u062a \u0623\u0648 \u0627\u0644\u0631\u062f \u0639\u0644\u0649 \u0627\u0633\u062a\u0641\u0633\u0627\u0631\u0627\u062a\u0643.<\/li>\n<\/ul>\n<div style=\"text-align: right;\">\n<hr \/>\n<\/div>\n<h3 style=\"text-align: right;\"><strong>\u062d\u0645\u0627\u064a\u0629 \u0627\u0644\u0628\u064a\u0627\u0646\u0627\u062a<\/strong><\/h3>\n<p style=\"text-align: right;\">\u0646\u0637\u0628\u0642 \u0625\u062c\u0631\u0627\u0621\u0627\u062a \u0623\u0645\u0627\u0646 \u0645\u062a\u0642\u062f\u0645\u0629 \u062a\u0634\u0645\u0644:<\/p>\n<ul style=\"text-align: right;\" data-spread=\"false\">\n<li>\u0627\u0644\u062a\u0634\u0641\u064a\u0631 \u0623\u062b\u0646\u0627\u0621 \u0646\u0642\u0644 \u0627\u0644\u0628\u064a\u0627\u0646\u0627\u062a.<\/li>\n<li>\u0642\u064a\u0648\u062f \u0648\u0635\u0648\u0644 \u0635\u0627\u0631\u0645\u0629.<\/li>\n<li>\u0645\u0631\u0627\u0642\u0628\u0629 \u0623\u0646\u0634\u0637\u0629 \u0627\u0644\u0645\u0648\u0642\u0639 \u0644\u0636\u0645\u0627\u0646 \u0627\u0644\u062d\u0645\u0627\u064a\u0629.<\/li>\n<\/ul>\n<div style=\"text-align: right;\">\n<hr \/>\n<\/div>\n<h3 style=\"text-align: right;\"><strong>\u0645\u0634\u0627\u0631\u0643\u0629 \u0627\u0644\u0628\u064a\u0627\u0646\u0627\u062a<\/strong><\/h3>\n<p style=\"text-align: right;\">\u0644\u0627 \u0646\u0628\u064a\u0639 \u0623\u0648 \u0646\u0634\u0627\u0631\u0643 \u0645\u0639\u0644\u0648\u0645\u0627\u062a\u0643 \u0627\u0644\u0634\u062e\u0635\u064a\u0629 \u0645\u0639 \u0623\u0637\u0631\u0627\u0641 \u062e\u0627\u0631\u062c\u064a\u0629 \u0625\u0644\u0627 \u0641\u064a \u0627\u0644\u062d\u0627\u0644\u0627\u062a \u0627\u0644\u062a\u0627\u0644\u064a\u0629:<\/p>\n<ul style=\"text-align: right;\" data-spread=\"false\">\n<li>\u0627\u0644\u0627\u0645\u062a\u062b\u0627\u0644 \u0644\u0644\u0642\u0648\u0627\u0646\u064a\u0646 \u0648\u0627\u0644\u0644\u0648\u0627\u0626\u062d.<\/li>\n<li>\u062d\u0645\u0627\u064a\u0629 \u062d\u0642\u0648\u0642 \u0627\u0644\u0645\u0644\u0643\u064a\u0629 \u0623\u0648 \u0623\u0645\u0627\u0646 \u0627\u0644\u0645\u0648\u0642\u0639.<\/li>\n<\/ul>\n<p style=\"text-align: right;\">\u0642\u062f \u0646\u0634\u0627\u0631\u0643 \u0628\u064a\u0627\u0646\u0627\u062a \u0625\u062d\u0635\u0627\u0626\u064a\u0629 \u0639\u0627\u0645\u0629 \u063a\u064a\u0631 \u0634\u062e\u0635\u064a\u0629 \u0645\u0639 \u0634\u0631\u0643\u0627\u0626\u0646\u0627 \u0644\u062a\u062d\u0644\u064a\u0644 \u0627\u0644\u0623\u0646\u0634\u0637\u0629 \u0648\u062a\u062d\u0633\u064a\u0646 \u0627\u0644\u062e\u062f\u0645\u0627\u062a.<\/p>\n<div style=\"text-align: right;\">\n<hr \/>\n<\/div>\n<h3 style=\"text-align: right;\"><strong>\u0631\u0648\u0627\u0628\u0637 \u0627\u0644\u0637\u0631\u0641 \u0627\u0644\u062b\u0627\u0644\u062b<\/strong><\/h3>\n<p style=\"text-align: right;\">\u0642\u062f \u064a\u062d\u062a\u0648\u064a \u0645\u0648\u0642\u0639\u0646\u0627 \u0639\u0644\u0649 \u0631\u0648\u0627\u0628\u0637 \u0644\u0645\u0648\u0627\u0642\u0639 \u0623\u0648 \u062e\u062f\u0645\u0627\u062a \u0623\u062e\u0631\u0649. \u0646\u062d\u0646 \u0644\u0633\u0646\u0627 \u0645\u0633\u0624\u0648\u0644\u064a\u0646 \u0639\u0646 \u0633\u064a\u0627\u0633\u0627\u062a \u0627\u0644\u062e\u0635\u0648\u0635\u064a\u0629 \u0644\u0647\u0630\u0647 \u0627\u0644\u0645\u0648\u0627\u0642\u0639\u060c \u0648\u0646\u0646\u0635\u062d\u0643 \u0628\u0645\u0631\u0627\u062c\u0639\u062a\u0647\u0627 \u0639\u0646\u062f \u0632\u064a\u0627\u0631\u062a\u0647\u0627.<\/p>\n<div style=\"text-align: right;\">\n<hr \/>\n<\/div>\n<h3 style=\"text-align: right;\"><strong>\u0627\u0644\u0625\u0639\u0644\u0627\u0646\u0627\u062a<\/strong><\/h3>\n<h4 style=\"text-align: right;\"><strong>1. \u0634\u0631\u0643\u0627\u0621 \u0627\u0644\u0625\u0639\u0644\u0627\u0646<\/strong><\/h4>\n<p style=\"text-align: right;\">\u0642\u062f \u064a\u0633\u062a\u062e\u062f\u0645 \u0634\u0631\u0643\u0627\u0621 \u0627\u0644\u0625\u0639\u0644\u0627\u0646 \u0645\u0644\u0641\u0627\u062a \u062a\u0639\u0631\u064a\u0641 \u0627\u0644\u0627\u0631\u062a\u0628\u0627\u0637 \u0644\u062a\u0642\u062f\u064a\u0645 \u0625\u0639\u0644\u0627\u0646\u0627\u062a \u0645\u062e\u0635\u0635\u0629 \u0628\u0646\u0627\u0621\u064b \u0639\u0644\u0649 \u0646\u0634\u0627\u0637\u0643 \u0639\u0644\u0649 \u0627\u0644\u0645\u0648\u0642\u0639. \u0646\u062d\u0646 \u0644\u0627 \u0646\u062a\u062d\u0643\u0645 \u0641\u064a \u0627\u0633\u062a\u062e\u062f\u0627\u0645 \u0647\u0630\u0647 \u0627\u0644\u0628\u064a\u0627\u0646\u0627\u062a \u0645\u0646 \u0642\u0628\u0644 \u0627\u0644\u0645\u0639\u0644\u0646\u064a\u0646.<\/p>\n<h4 style=\"text-align: right;\"><strong>2. Google AdSense<\/strong><\/h4>\n<p style=\"text-align: right;\">\u064a\u064f\u0633\u062a\u062e\u062f\u0645 Google AdSense \u0639\u0644\u0649 \u0645\u0648\u0642\u0639\u0646\u0627 \u0644\u062a\u0642\u062f\u064a\u0645 \u0625\u0639\u0644\u0627\u0646\u0627\u062a \u0645\u062e\u0635\u0635\u0629. \u064a\u0639\u062a\u0645\u062f Google \u0639\u0644\u0649 \u0645\u0644\u0641\u0627\u062a \u062a\u0639\u0631\u064a\u0641 \u0627\u0644\u0627\u0631\u062a\u0628\u0627\u0637 (\u0645\u062b\u0644 DART) \u0644\u062a\u062d\u0644\u064a\u0644 \u062a\u0641\u0636\u064a\u0644\u0627\u062a \u0627\u0644\u0645\u0633\u062a\u062e\u062f\u0645. \u064a\u0645\u0643\u0646\u0643 \u062a\u0639\u0637\u064a\u0644 \u0645\u0644\u0641\u0627\u062a \u062a\u0639\u0631\u064a\u0641 \u0627\u0644\u0627\u0631\u062a\u0628\u0627\u0637 \u0627\u0644\u062e\u0627\u0635\u0629 \u0628\u0640 DART \u0639\u0628\u0631 \u0632\u064a\u0627\u0631\u0629 \u0633\u064a\u0627\u0633\u0629 \u0627\u0644\u062e\u0635\u0648\u0635\u064a\u0629 \u0641\u064a Google: <a href=\"https:\/\/www.google.com\/privacy_ads.html\">https:\/\/www.google.com\/privacy_ads.html<\/a><\/p>\n<div style=\"text-align: right;\">\n<hr \/>\n<\/div>\n<h3 style=\"text-align: right;\"><strong>\u062a\u062d\u062f\u064a\u062b\u0627\u062a \u0633\u064a\u0627\u0633\u0629 \u0627\u0644\u062e\u0635\u0648\u0635\u064a\u0629<\/strong><\/h3>\n<p style=\"text-align: right;\">\u0646\u062d\u062a\u0641\u0638 \u0628\u0627\u0644\u062d\u0642 \u0641\u064a \u062a\u0639\u062f\u064a\u0644 \u0633\u064a\u0627\u0633\u0629 \u0627\u0644\u062e\u0635\u0648\u0635\u064a\u0629 \u0639\u0646\u062f \u0627\u0644\u0636\u0631\u0648\u0631\u0629. \u0633\u064a\u062a\u0645 \u0646\u0634\u0631 \u0627\u0644\u062a\u0639\u062f\u064a\u0644\u0627\u062a \u0639\u0644\u0649 \u0647\u0630\u0647 \u0627\u0644\u0635\u0641\u062d\u0629\u060c \u0645\u0639 \u0625\u062e\u0637\u0627\u0631\u0643 \u0628\u0627\u0644\u062a\u063a\u064a\u064a\u0631\u0627\u062a \u0627\u0644\u062c\u0648\u0647\u0631\u064a\u0629 \u0639\u0628\u0631 \u0627\u0644\u0628\u0631\u064a\u062f \u0627\u0644\u0625\u0644\u0643\u062a\u0631\u0648\u0646\u064a.<\/p>\n<div style=\"text-align: right;\">\n<hr \/>\n<\/div>\n<h3 style=\"text-align: right;\"><strong>\u0627\u0644\u062a\u0648\u0627\u0635\u0644 \u0645\u0639\u0646\u0627<\/strong><\/h3>\n<p style=\"text-align: right;\">\u0644\u0644\u0627\u0633\u062a\u0641\u0633\u0627\u0631\u0627\u062a \u0627\u0644\u0645\u062a\u0639\u0644\u0642\u0629 \u0628\u0633\u064a\u0627\u0633\u0629 \u0627\u0644\u062e\u0635\u0648\u0635\u064a\u0629\u060c \u064a\u064f\u0631\u062c\u0649 \u0627\u0644\u0627\u062a\u0635\u0627\u0644 \u0628\u0646\u0627 \u0639\u0628\u0631 \u0648\u0633\u0627\u0626\u0644 \u0627\u0644\u062a\u0648\u0627\u0635\u0644 \u0627\u0644\u0627\u062c\u062a\u0645\u0627\u0639\u064a:<\/p>\n<ul style=\"text-align: right;\" data-spread=\"false\">\n<li><strong>\u0641\u064a\u0633\u0628\u0648\u0643:<\/strong> <a href=\"https:\/\/www.facebook.com\/sweden4.ccom\">https:\/\/www.facebook.com\/sweden4.ccom<\/a><\/li>\n<li><strong>\u0625\u0646\u0633\u062a\u063a\u0631\u0627\u0645:<\/strong> <a href=\"https:\/\/www.instagram.com\/sweden4com\/\">https:\/\/www.instagram.com\/sweden4com\/<\/a><\/li>\n<\/ul>\n<p style=\"text-align: right;\">\n","protected":false},"excerpt":{"rendered":"<p>Integritetspolicy &#8220;Sweden4&#8221; respekterar din integritet och \u00e4r engagerad i att skydda de uppgifter du delar med oss via v\u00e5r webbplats sweden4.com . Denna policy beskriver hur vi samlar in, anv\u00e4nder och skyddar din information i \u00f6verensst\u00e4mmelse med Googles policyer. Informationsinsamling 1. Personligt identifierbar information Vi samlar endast in personligt identifierbar information n\u00e4r anv\u00e4ndare frivilligt tillhandah\u00e5ller &#8230; <a title=\"\u0633\u064a\u0627\u0633\u0629 \u0627\u0644\u062e\u0635\u0648\u0635\u064a\u0629 Privacy Policy\" class=\"read-more\" href=\"https:\/\/sweden4.com\/?page_id=36352\" aria-label=\"Read more about \u0633\u064a\u0627\u0633\u0629 \u0627\u0644\u062e\u0635\u0648\u0635\u064a\u0629 Privacy Policy\">\u0627\u0642\u0631\u0623 \u0627\u0644\u0645\u0632\u064a\u062f<\/a><\/p>\n","protected":false},"author":1,"featured_media":0,"parent":0,"menu_order":0,"comment_status":"closed","ping_status":"closed","template":"","meta":{"footnotes":""},"class_list":["post-36352","page","type-page","status-publish"],"_links":{"self":[{"href":"https:\/\/sweden4.com\/index.php?rest_route=\/wp\/v2\/pages\/36352","targetHints":{"allow":["GET"]}}],"collection":[{"href":"https:\/\/sweden4.com\/index.php?rest_route=\/wp\/v2\/pages"}],"about":[{"href":"https:\/\/sweden4.com\/index.php?rest_route=\/wp\/v2\/types\/page"}],"author":[{"embeddable":true,"href":"https:\/\/sweden4.com\/index.php?rest_route=\/wp\/v2\/users\/1"}],"replies":[{"embeddable":true,"href":"https:\/\/sweden4.com\/index.php?rest_route=%2Fwp%2Fv2%2Fcomments&post=36352"}],"version-history":[{"count":7,"href":"https:\/\/sweden4.com\/index.php?rest_route=\/wp\/v2\/pages\/36352\/revisions"}],"predecessor-version":[{"id":159261,"href":"https:\/\/sweden4.com\/index.php?rest_route=\/wp\/v2\/pages\/36352\/revisions\/159261"}],"wp:attachment":[{"href":"https:\/\/sweden4.com\/index.php?rest_route=%2Fwp%2Fv2%2Fmedia&parent=36352"}],"curies":[{"name":"wp","href":"https:\/\/api.w.org\/{rel}","templated":true}]}}